osite?
False
Is 14912137 composite?
False
Is 36248285 composite?
True
Is 32115283 a prime number?
True
Is 293021 a prime number?
True
Is 18202187 prime?
False
Is 58664117 a composite number?
False
Is 7553201 prime?
False
Is 13743833 a composite number?
True
Is 2184519 a composite number?
True
Is 44629647 a composite number?
True
Is 738007 prime?
False
Is 1051483 a composite number?
True
Is 216829 prime?
True
Is 55686089 prime?
False
Is 2196399 prime?
False
Is 14740643 composite?
False
Is 81863737 composite?
True
Is 245653147 prime?
False
Is 8254385 composite?
True
Is 64891615 a composite number?
True
Is 251362897 a prime number?
True
Is 2117477 a composite number?
False
Is 24084787 prime?
True
Is 676337 prime?
True
Is 27972281 composite?
True
Is 6349 prime?
False
Is 138954833 composite?
False
Is 2178815 composite?
True
Is 27195907 prime?
False
Is 132373141 prime?
True
Is 245272493 a composite number?
False
Is 21323086 composite?
True
Is 1334657 prime?
False
Is 9150863 a composite number?
True
Is 13249729 prime?
False
Is 5032579 a prime number?
True
Is 2374 composite?
True
Is 8332563 composite?
True
Is 38952839 a prime number?
True
Is 4820911 prime?
False
Is 1739561 a prime number?
True
Is 42282161 composite?
True
Is 15331879 prime?
False
Is 8381423 a composite number?
True
Is 113155381 composite?
True
Is 12199727 a composite number?
True
Is 322143007 a composite number?
True
Is 980731 a prime number?
True
Is 3948083 prime?
False
Is 13547593 composite?
False
Is 125737357 a composite number?
True
Is 449083 a composite number?
False
Is 6469661 prime?
False
Is 55540703 prime?
True
Is 1674107 composite?
False
Is 4577039 a composite number?
False
Is 110219 a composite number?
True
Is 59937 a prime number?
False
Is 19167271 a composite number?
True
Is 108413771 a composite number?
False
Is 11340607 composite?
True
Is 405806357 composite?
True
Is 73658129 prime?
True
Is 927761 a prime number?
False
Is 75620009 prime?
False
Is 12786133 composite?
False
Is 389507 composite?
False
Is 14881985 composite?
True
Is 39811951 composite?
False
Is 7756473 a composite number?
True
Is 15724589 prime?
False
Is 14136083 a composite number?
True
Is 10163623 a composite number?
False
Is 287719 composite?
True
Is 471487669 composite?
False
Is 19551067 prime?
True
Is 2500826 composite?
True
Is 8073641 a composite number?
False
Is 43362641 prime?
False
Is 27477007 a composite number?
True
Is 6463945 prime?
False
Is 2549695 prime?
False
Is 1975769 a prime number?
False
Is 1357969 a composite number?
False
Is 8434991 a composite number?
False
Is 54320437 composite?
False
Is 2364361 prime?
True
Is 101701183 a prime number?
True
Is 10965707 a prime number?
False
Is 421850411 prime?
True
Is 6826621 prime?
True
Is 2952881 composite?
False
Is 3623017 a composite number?
False
Is 4874173 composite?
False
Is 49807883 prime?
False
Is 3876563 a prime number?
False
Is 182100151 a composite number?
True
Is 305743411 a prime number?
True
Is 4975877 composite?
False
Is 2595433 prime?
True
Is 65865451 a composite number?
False
Is 12833489 composite?
False
Is 406289161 a composite number?
True
Is 5114143 a composite number?
False
Is 3396661 prime?
True
Is 101991 a composite number?
True
Is 3572173 composite?
True
Is 10812953 a prime number?
False
Is 436003 prime?
True
Is 2680971 prime?
False
Is 266930687 a composite number?
True
Is 2032103 prime?
True
Is 202775327 a composite number?
False
Is 1253947 prime?
True
Is 48176777 a composite number?
True
Is 2847787 composite?
False
Is 171023629 a prime number?
False
Is 12434831 composite?
False
Is 5146091 prime?
True
Is 21408791 a composite number?
True
Is 418019881 a composite number?
False
Is 3818809 prime?
False
Is 2583318965 a prime number?
False
Is 20398507 a prime number?
False
Is 30611 prime?
False
Is 211619 composite?
False
Is 198979351 composite?
False
Is 381697 composite?
False
Is 1586323 composite?
True
Is 10653717 a composite number?
True
Is 28672951 composite?
True
Is 4756013 a composite number?
False
Is 24068479 a composite number?
True
Is 529577 prime?
True
Is 1037933 a composite number?
True
Is 17251823 composite?
True
Is 1267477 prime?
False
Is 113500819 a composite number?
False
Is 27317753 a composite number?
False
Is 1770247517 a composite number?
False
Is 11341513 composite?
False
Is 1266571 a prime number?
False
Is 284317 composite?
True
Is 23852618 prime?
False
Is 8265055 a composite number?
True
Is 684107 a prime number?
False
Is 13038293 prime?
True
Is 5182757 composite?
False
Is 8702459 prime?
True
Is 123590657 a composite number?
False
Is 15262889 a prime number?
False
Is 159121 composite?
True
Is 35631931 a prime number?
True
Is 57060983 prime?
False
Is 15579001 a prime number?
False
Is 601329 a composite number?
True
Is 5852467 composite?
False
Is 185517571 prime?
True
Is 1453055551 composite?
False
Is 45467717 composite?
True
Is 8746271 a composite number?
False
Is 662581 composite?
True
Is 65357 a composite number?
False
Is 7122097 prime?
False
Is 463011853 a prime number?
True
Is 89162647 composite?
True
Is 2304483 a composite number?
True
Is 259200217 composite?
False
Is 304957 composite?
True
Is 34190149 composite?
True
Is 2246297 a prime number?
True
Is 166977581 composite?
False
Is 971477 composite?
True
Is 12896327 a prime number?
False
Is 4401745 prime?
False
Is 7895261 prime?
False
Is 15198739 composite?
False
Is 31188473 prime?
True
Is 17655083 a composite number?
True
Is 21243251 composite?
True
Is 494147 prime?
True
Is 19101793 prime?
True
Is 53708383 a prime number?
False
Is 3824267 composite?
False
Is 41650117 prime?
False
Is 2722647 a prime number?
False
Is 774337 a prime number?
True
Is 3850957 composite?
True
Is 46356857 a composite number?
True
Is 2483803 composite?
True
Is 97559081 prime?
True
Is 2676995 composite?
True
Is 1859353 composite?
False
Is 215189 composite?
True
Is 1102078 a prime number?
False
Is 22823173 prime?
True
Is 1247263 a prime number?
True
Is 179575217 prime?
True
Is 7569629 a prime number?
True
Is 144713 composite?
True
Is 58509779 a prime number?
True
Is 6063959 prime?
False
Is 2898638 a prime number?
False
Is 328897973 prime?
False
Is 32957 composite?
False
Is 65376533 a composite number?
False
Is 591539 a prime number?
False
Is 14437081 a prime number?
True
Is 51222361 a prime number?
True
Is 1370543 a prime number?
False
Is 66119281 a composite number?
False
Is 5430377 a composite number?
False
Is 86437423 prime?
False
Is 3039835 prime?
False
Is 2348549 a composite number?
True
Is 2314439 prime?
True
Is 27597131 a composite number?
True
Is 1167953 prime?
True
Is 54515353 a prime number?
True
Is 831580373 a composite number?
True
Is 6628541 a prime number?
True
Is 7944227 a composite number?
False
Is 606774977 prime?
True
Is 86684207 a composite number?
True
Is 1605509 a composite number?
False
Is 275640971 prime?
True
Is 747444277 a prime number?
True
Is 699551 composite?
True
Is 165673867 a prime number?
True
Is 16974991 a prime number?
False
Is 557999 a prime number?
False
Is 13770529 a composite number?
False
Is 50442677 prime?
True
Is 333920767 a composite number?
False
Is 2106653 a composite number?
False
Is 96728561 prime?
True
Is 9908077 a prime number?
False
Is 6028019 prime?
True
Is 66909361 prime?
True
Is 159650851 composite?
False
Is 75476543 a composite number?
False
Is 19946863 prime?
True
Is 233456611 a composite number?
True
Is 8848563 a prime number?
False
Is 30209167 prime?
True
Is 963512801 composite?
False
Is 21924311 prime?
False
Is 778165277 a prime number?
True
Is 81795947 prime?
True
Is 45304453 a prime number?
False
Is 32886899 composite?
True
Is 253349809 composite?
False
Is 35663183 a prime number?
True
Is 41071 a composite number?
True
Is 420288161 composite?
True
Is 3725651 prime?
True
Is 58717343 a composite number?
False
Is 27223897 composite?
True
Is 238443242 a composite number?
True
Is 23402957 a composite number?
False
Is 977897 a prime number?
True
Is 2371489 prime?
True
Is 106670843 a composite number?
True
Is 98328907 a prime number?
True
Is 1732109 a composite number?
False
Is 5377769 a prime number?
True
Is 3712871 a prime number?
True
Is 1865603 composite?
False
Is 31933745 a prime number?
False
Is 509765181 a composite numbe